{"id":8231,"date":"2022-05-03T14:57:43","date_gmt":"2022-05-03T14:57:43","guid":{"rendered":"https:\/\/gastroturismo.ch\/qui-sommes-nous\/"},"modified":"2022-12-09T17:47:06","modified_gmt":"2022-12-09T17:47:06","slug":"qui-sommes-nous","status":"publish","type":"page","link":"https:\/\/gastroturismo.ch\/fr\/qui-sommes-nous\/","title":{"rendered":"Qui sommes-nous ?"},"content":{"rendered":"\t\t<div data-elementor-type=\"wp-page\" data-elementor-id=\"8231\" class=\"elementor elementor-8231 elementor-3705\" data-elementor-post-type=\"page\">\n\t\t\t\t\t\t<section class=\"elementor-section elementor-top-section elementor-element elementor-element-6e7ff081 elementor-section-boxed elementor-section-height-default elementor-section-height-default\" data-id=\"6e7ff081\" data-element_type=\"section\">\n\t\t\t\t\t\t<div class=\"elementor-container elementor-column-gap-default\">\n\t\t\t\t\t<div class=\"elementor-column elementor-col-100 elementor-top-column elementor-element elementor-element-9fe570e\" data-id=\"9fe570e\" data-element_type=\"column\">\n\t\t\t<div class=\"elementor-widget-wrap elementor-element-populated\">\n\t\t\t\t\t\t<div class=\"elementor-element elementor-element-735f8a1 elementor-widget elementor-widget-heading\" data-id=\"735f8a1\" data-element_type=\"widget\" data-widget_type=\"heading.default\">\n\t\t\t\t<div class=\"elementor-widget-container\">\n\t\t\t\t\t<h2 class=\"elementor-heading-title elementor-size-default\">Qui sommes-nous ?<\/h2>\t\t\t\t<\/div>\n\t\t\t\t<\/div>\n\t\t\t\t<div class=\"elementor-element elementor-element-edef482 elementor-widget elementor-widget-spacer\" data-id=\"edef482\" data-element_type=\"widget\" data-widget_type=\"spacer.default\">\n\t\t\t\t<div class=\"elementor-widget-container\">\n\t\t\t\t\t\t\t<div class=\"elementor-spacer\">\n\t\t\t<div class=\"elementor-spacer-inner\"><\/div>\n\t\t<\/div>\n\t\t\t\t\t\t<\/div>\n\t\t\t\t<\/div>\n\t\t\t\t<div class=\"elementor-element elementor-element-36da955b elementor-widget elementor-widget-text-editor\" data-id=\"36da955b\" data-element_type=\"widget\" data-widget_type=\"text-editor.default\">\n\t\t\t\t<div class=\"elementor-widget-container\">\n\t\t\t\t\t\t\t\t\t<p><span style=\"font-weight: 400;\">Cette initiative a \u00e9t\u00e9 cr\u00e9\u00e9e et con\u00e7ue par Ricard Ustrell et Riccardo Sabbioni, qui repr\u00e9sentent les cr\u00e9ateurs du projet.<\/span><\/p>\n<p><span style=\"font-weight: 400;\">La passion pour notre territoire, l\u2019amiti\u00e9 entre les deux coll\u00e8gues, la connaissance des produits touristiques et locaux jusqu\u2019\u00e0 la volont\u00e9 de proposer un concept innovant adapt\u00e9 aux amateurs de gastronomie, ont \u00e9t\u00e9 les synergies n\u00e9cessaires pour ce projet. L\u2019id\u00e9e est n\u00e9e \u00e0 l\u2019\u00e9t\u00e9 2020 o\u00f9 la pand\u00e9mie et le temps disponible ont permis de se consacrer pleinement \u00e0 la premi\u00e8re phase de la conception.<\/span><\/p>\n<p><span style=\"font-weight: 400;\">Pas \u00e0 pas, entre les visites cognitives avec les producteurs, le d\u00e9but des collaborations positives et la conception du portail web, Gastroturismo.ch continu\u00e9 \u00e0 se d\u00e9velopper et \u00e0 grandir jusqu\u2019en mai 2021 pr\u00eat \u00e0 \u00eatre lanc\u00e9.<\/span><\/p>\n<p><span style=\"font-weight: 400;\">En ce moment, nous voulons aider \u00e0 mettre en \u00e9vidence le potentiel local en promouvant et en agissant comme un lien entre Gastroturismo et les agents locaux qui offrent leurs exp\u00e9riences gastronomiques.<\/span><\/p>\n<p><span style=\"font-weight: 400;\">Un \u00e9l\u00e9ment fondamental en commun est la forte volont\u00e9 de transmettre le potentiel du Tessin et de valoriser ce qui est produit dans notre canton, en transmettant passion, originalit\u00e9 et exclusivit\u00e9.<\/span><\/p>\n<p><\/p>\t\t\t\t\t\t\t\t<\/div>\n\t\t\t\t<\/div>\n\t\t\t\t<section class=\"elementor-section elementor-inner-section elementor-element elementor-element-c3609fe elementor-section-boxed elementor-section-height-default elementor-section-height-default\" data-id=\"c3609fe\" data-element_type=\"section\">\n\t\t\t\t\t\t<div class=\"elementor-container elementor-column-gap-default\">\n\t\t\t\t\t<div class=\"elementor-column elementor-col-33 elementor-inner-column elementor-element elementor-element-9b54807\" data-id=\"9b54807\" data-element_type=\"column\">\n\t\t\t<div class=\"elementor-widget-wrap elementor-element-populated\">\n\t\t\t\t\t\t<div class=\"elementor-element elementor-element-42d8d73d elementor-invisible elementor-widget elementor-widget-image\" data-id=\"42d8d73d\" data-element_type=\"widget\" data-settings=\"{&quot;_animation&quot;:&quot;fadeIn&quot;}\" data-widget_type=\"image.default\">\n\t\t\t\t<div class=\"elementor-widget-container\">\n\t\t\t\t\t\t\t\t\t\t\t\t\t\t\t<img fetchpriority=\"high\" decoding=\"async\" width=\"300\" height=\"300\" src=\"https:\/\/gastroturismo.ch\/wp-content\/uploads\/2021\/06\/RU.jpg\" class=\"attachment-large size-large wp-image-3996\" alt=\"\" srcset=\"https:\/\/gastroturismo.ch\/wp-content\/uploads\/2021\/06\/RU.jpg 300w, https:\/\/gastroturismo.ch\/wp-content\/uploads\/2021\/06\/RU-100x100.jpg 100w, https:\/\/gastroturismo.ch\/wp-content\/uploads\/2021\/06\/RU-150x150.jpg 150w, https:\/\/gastroturismo.ch\/wp-content\/uploads\/2021\/06\/RU-200x200.jpg 200w\" sizes=\"(max-width: 300px) 100vw, 300px\" \/>\t\t\t\t\t\t\t\t\t\t\t\t\t\t\t<\/div>\n\t\t\t\t<\/div>\n\t\t\t\t<div class=\"elementor-element elementor-element-8a87ff3 elementor-widget elementor-widget-text-editor\" data-id=\"8a87ff3\" data-element_type=\"widget\" data-widget_type=\"text-editor.default\">\n\t\t\t\t<div class=\"elementor-widget-container\">\n\t\t\t\t\t\t\t\t\t<p><b>Ricard Ustrell<\/b><\/p>\n\t\t\t\t\t\t\t\t<\/div>\n\t\t\t\t<\/div>\n\t\t\t\t<div class=\"elementor-element elementor-element-3dbf33d2 elementor-widget elementor-widget-text-editor\" data-id=\"3dbf33d2\" data-element_type=\"widget\" data-widget_type=\"text-editor.default\">\n\t\t\t\t<div class=\"elementor-widget-container\">\n\t\t\t\t\t\t\t\t\t<ul>\n<li>Passionn\u00e9 par la communication d\u2019entreprise avec un accent sur le marketing num\u00e9rique et le design graphique.\n<\/li>\n<li>Exp\u00e9rience dans la coordination d\u2019\u00e9v\u00e9nements avec de solides comp\u00e9tences entrepreneuriales.\n<\/li>\n<li>Flexible, empathique, pratique, cr\u00e9atif, sociable, positif et d\u00e9cisif.<\/li>\n<\/ul>\n\t\t\t\t\t\t\t\t<\/div>\n\t\t\t\t<\/div>\n\t\t\t\t\t<\/div>\n\t\t<\/div>\n\t\t\t\t<div class=\"elementor-column elementor-col-33 elementor-inner-column elementor-element elementor-element-6359d7d1\" data-id=\"6359d7d1\" data-element_type=\"column\">\n\t\t\t<div class=\"elementor-widget-wrap elementor-element-populated\">\n\t\t\t\t\t\t<div class=\"elementor-element elementor-element-b580e7c elementor-invisible elementor-widget elementor-widget-image\" data-id=\"b580e7c\" data-element_type=\"widget\" data-settings=\"{&quot;_animation&quot;:&quot;fadeIn&quot;}\" data-widget_type=\"image.default\">\n\t\t\t\t<div class=\"elementor-widget-container\">\n\t\t\t\t\t\t\t\t\t\t\t\t\t\t\t<img decoding=\"async\" width=\"205\" height=\"205\" src=\"https:\/\/gastroturismo.ch\/wp-content\/uploads\/2021\/06\/Sabbioni-IMG_1047.jpg\" class=\"attachment-large size-large wp-image-4006\" alt=\"\" srcset=\"https:\/\/gastroturismo.ch\/wp-content\/uploads\/2021\/06\/Sabbioni-IMG_1047.jpg 205w, https:\/\/gastroturismo.ch\/wp-content\/uploads\/2021\/06\/Sabbioni-IMG_1047-100x100.jpg 100w, https:\/\/gastroturismo.ch\/wp-content\/uploads\/2021\/06\/Sabbioni-IMG_1047-150x150.jpg 150w, https:\/\/gastroturismo.ch\/wp-content\/uploads\/2021\/06\/Sabbioni-IMG_1047-200x200.jpg 200w\" sizes=\"(max-width: 205px) 100vw, 205px\" \/>\t\t\t\t\t\t\t\t\t\t\t\t\t\t\t<\/div>\n\t\t\t\t<\/div>\n\t\t\t\t<div class=\"elementor-element elementor-element-7a7bbc25 elementor-widget elementor-widget-text-editor\" data-id=\"7a7bbc25\" data-element_type=\"widget\" data-widget_type=\"text-editor.default\">\n\t\t\t\t<div class=\"elementor-widget-container\">\n\t\t\t\t\t\t\t\t\t<p><b>Riccardo Sabbioni<\/b><\/p>\n\t\t\t\t\t\t\t\t<\/div>\n\t\t\t\t<\/div>\n\t\t\t\t<div class=\"elementor-element elementor-element-4c3e6f30 elementor-widget elementor-widget-text-editor\" data-id=\"4c3e6f30\" data-element_type=\"widget\" data-widget_type=\"text-editor.default\">\n\t\t\t\t<div class=\"elementor-widget-container\">\n\t\t\t\t\t\t\t\t\t<ul>\n<li>Sp\u00e9cialis\u00e9 dans le tourisme et passionn\u00e9 par le marketing, les relations publiques et le monde de la restauration.\n<\/li>\n<li>Fra\u00eechement sorti d\u2019\u00e9tudes et d\u2019un emploi dans le domaine de la planification et de la gestion d\u2019\u00e9v\u00e9nements.\n<\/li>\n<li>Un pass\u00e9 d\u00e9di\u00e9 au sport de la natation, o\u00f9 des valeurs telles que la d\u00e9termination et la volont\u00e9 ont \u00e9t\u00e9 fond\u00e9es.\n<\/li>\n<li>Empathique, sensible, sociable, positif, t\u00eatu, ponctuel et volontaire.<\/li>\n<\/ul>\n\t\t\t\t\t\t\t\t<\/div>\n\t\t\t\t<\/div>\n\t\t\t\t\t<\/div>\n\t\t<\/div>\n\t\t\t\t<div class=\"elementor-column elementor-col-33 elementor-inner-column elementor-element elementor-element-2a8ad7f1\" data-id=\"2a8ad7f1\" data-element_type=\"column\">\n\t\t\t<div class=\"elementor-widget-wrap\">\n\t\t\t\t\t\t\t<\/div>\n\t\t<\/div>\n\t\t\t\t\t<\/div>\n\t\t<\/section>\n\t\t\t\t\t<\/div>\n\t\t<\/div>\n\t\t\t\t\t<\/div>\n\t\t<\/section>\n\t\t\t\t<\/div>\n\t\t","protected":false},"excerpt":{"rendered":"<p>Qui sommes-nous ? Cette initiative a \u00e9t\u00e9 cr\u00e9\u00e9e et con\u00e7ue par Ricard Ustrell et Riccardo Sabbioni, qui repr\u00e9sentent les cr\u00e9ateurs du projet. La passion pour notre territoire, l\u2019amiti\u00e9 entre les deux coll\u00e8gues, la connaissance des produits touristiques et locaux jusqu\u2019\u00e0 la volont\u00e9 de proposer un concept innovant adapt\u00e9 aux amateurs de gastronomie, ont \u00e9t\u00e9 les [&hellip;]<\/p>\n","protected":false},"author":5,"featured_media":0,"parent":0,"menu_order":1,"comment_status":"closed","ping_status":"closed","template":"elementor_header_footer","meta":{"footnotes":""},"class_list":["post-8231","page","type-page","status-publish","hentry"],"_links":{"self":[{"href":"https:\/\/gastroturismo.ch\/fr\/wp-json\/wp\/v2\/pages\/8231","targetHints":{"allow":["GET"]}}],"collection":[{"href":"https:\/\/gastroturismo.ch\/fr\/wp-json\/wp\/v2\/pages"}],"about":[{"href":"https:\/\/gastroturismo.ch\/fr\/wp-json\/wp\/v2\/types\/page"}],"author":[{"embeddable":true,"href":"https:\/\/gastroturismo.ch\/fr\/wp-json\/wp\/v2\/users\/5"}],"replies":[{"embeddable":true,"href":"https:\/\/gastroturismo.ch\/fr\/wp-json\/wp\/v2\/comments?post=8231"}],"version-history":[{"count":0,"href":"https:\/\/gastroturismo.ch\/fr\/wp-json\/wp\/v2\/pages\/8231\/revisions"}],"wp:attachment":[{"href":"https:\/\/gastroturismo.ch\/fr\/wp-json\/wp\/v2\/media?parent=8231"}],"curies":[{"name":"wp","href":"https:\/\/api.w.org\/{rel}","templated":true}]}}

<div data-elementor-type="wp-page" data-elementor-id="8231" class="elementor elementor-8231 elementor-3705" data-elementor-post-type="page">
						<section class="elementor-section elementor-top-section elementor-element elementor-element-6e7ff081 elementor-section-boxed elementor-section-height-default elementor-section-height-default" data-id="6e7ff081" data-element_type="section">
						<div class="elementor-container elementor-column-gap-default">
					<div class="elementor-column elementor-col-100 elementor-top-column elementor-element elementor-element-9fe570e" data-id="9fe570e" data-element_type="column">
			<div class="elementor-widget-wrap elementor-element-populated">
						<div class="elementor-element elementor-element-735f8a1 elementor-widget elementor-widget-heading" data-id="735f8a1" data-element_type="widget" data-widget_type="heading.default">
				<div class="elementor-widget-container">
					<h2 class="elementor-heading-title elementor-size-default">Qui sommes-nous ?</h2>				</div>
				</div>
				<div class="elementor-element elementor-element-edef482 elementor-widget elementor-widget-spacer" data-id="edef482" data-element_type="widget" data-widget_type="spacer.default">
				<div class="elementor-widget-container">
							<div class="elementor-spacer">
			<div class="elementor-spacer-inner"></div>
		</div>
						</div>
				</div>
				<div class="elementor-element elementor-element-36da955b elementor-widget elementor-widget-text-editor" data-id="36da955b" data-element_type="widget" data-widget_type="text-editor.default">
				<div class="elementor-widget-container">
									<p><span style="font-weight: 400;">Cette initiative a été créée et conçue par Ricard Ustrell et Riccardo Sabbioni, qui représentent les créateurs du projet.</span></p>
<p><span style="font-weight: 400;">La passion pour notre territoire, l’amitié entre les deux collègues, la connaissance des produits touristiques et locaux jusqu’à la volonté de proposer un concept innovant adapté aux amateurs de gastronomie, ont été les synergies nécessaires pour ce projet. L’idée est née à l’été 2020 où la pandémie et le temps disponible ont permis de se consacrer pleinement à la première phase de la conception.</span></p>
<p><span style="font-weight: 400;">Pas à pas, entre les visites cognitives avec les producteurs, le début des collaborations positives et la conception du portail web, Gastroturismo.ch continué à se développer et à grandir jusqu’en mai 2021 prêt à être lancé.</span></p>
<p><span style="font-weight: 400;">En ce moment, nous voulons aider à mettre en évidence le potentiel local en promouvant et en agissant comme un lien entre Gastroturismo et les agents locaux qui offrent leurs expériences gastronomiques.</span></p>
<p><span style="font-weight: 400;">Un élément fondamental en commun est la forte volonté de transmettre le potentiel du Tessin et de valoriser ce qui est produit dans notre canton, en transmettant passion, originalité et exclusivité.</span></p>
<p></p>								</div>
				</div>
				<section class="elementor-section elementor-inner-section elementor-element elementor-element-c3609fe elementor-section-boxed elementor-section-height-default elementor-section-height-default" data-id="c3609fe" data-element_type="section">
						<div class="elementor-container elementor-column-gap-default">
					<div class="elementor-column elementor-col-33 elementor-inner-column elementor-element elementor-element-9b54807" data-id="9b54807" data-element_type="column">
			<div class="elementor-widget-wrap elementor-element-populated">
						<div class="elementor-element elementor-element-42d8d73d elementor-invisible elementor-widget elementor-widget-image" data-id="42d8d73d" data-element_type="widget" data-settings="{&quot;_animation&quot;:&quot;fadeIn&quot;}" data-widget_type="image.default">
				<div class="elementor-widget-container">
															<img fetchpriority="high" decoding="async" width="300" height="300" src="https://gastroturismo.ch/wp-content/uploads/2021/06/RU.jpg" class="attachment-large size-large wp-image-3996" alt="" srcset="https://gastroturismo.ch/wp-content/uploads/2021/06/RU.jpg 300w, https://gastroturismo.ch/wp-content/uploads/2021/06/RU-100x100.jpg 100w, https://gastroturismo.ch/wp-content/uploads/2021/06/RU-150x150.jpg 150w, https://gastroturismo.ch/wp-content/uploads/2021/06/RU-200x200.jpg 200w" sizes="(max-width: 300px) 100vw, 300px" />															</div>
				</div>
				<div class="elementor-element elementor-element-8a87ff3 elementor-widget elementor-widget-text-editor" data-id="8a87ff3" data-element_type="widget" data-widget_type="text-editor.default">
				<div class="elementor-widget-container">
									<p><b>Ricard Ustrell</b></p>
								</div>
				</div>
				<div class="elementor-element elementor-element-3dbf33d2 elementor-widget elementor-widget-text-editor" data-id="3dbf33d2" data-element_type="widget" data-widget_type="text-editor.default">
				<div class="elementor-widget-container">
									<ul>
<li>Passionné par la communication d’entreprise avec un accent sur le marketing numérique et le design graphique.
</li>
<li>Expérience dans la coordination d’événements avec de solides compétences entrepreneuriales.
</li>
<li>Flexible, empathique, pratique, créatif, sociable, positif et décisif.</li>
</ul>
								</div>
				</div>
					</div>
		</div>
				<div class="elementor-column elementor-col-33 elementor-inner-column elementor-element elementor-element-6359d7d1" data-id="6359d7d1" data-element_type="column">
			<div class="elementor-widget-wrap elementor-element-populated">
						<div class="elementor-element elementor-element-b580e7c elementor-invisible elementor-widget elementor-widget-image" data-id="b580e7c" data-element_type="widget" data-settings="{&quot;_animation&quot;:&quot;fadeIn&quot;}" data-widget_type="image.default">
				<div class="elementor-widget-container">
															<img decoding="async" width="205" height="205" src="https://gastroturismo.ch/wp-content/uploads/2021/06/Sabbioni-IMG_1047.jpg" class="attachment-large size-large wp-image-4006" alt="" srcset="https://gastroturismo.ch/wp-content/uploads/2021/06/Sabbioni-IMG_1047.jpg 205w, https://gastroturismo.ch/wp-content/uploads/2021/06/Sabbioni-IMG_1047-100x100.jpg 100w, https://gastroturismo.ch/wp-content/uploads/2021/06/Sabbioni-IMG_1047-150x150.jpg 150w, https://gastroturismo.ch/wp-content/uploads/2021/06/Sabbioni-IMG_1047-200x200.jpg 200w" sizes="(max-width: 205px) 100vw, 205px" />															</div>
				</div>
				<div class="elementor-element elementor-element-7a7bbc25 elementor-widget elementor-widget-text-editor" data-id="7a7bbc25" data-element_type="widget" data-widget_type="text-editor.default">
				<div class="elementor-widget-container">
									<p><b>Riccardo Sabbioni</b></p>
								</div>
				</div>
				<div class="elementor-element elementor-element-4c3e6f30 elementor-widget elementor-widget-text-editor" data-id="4c3e6f30" data-element_type="widget" data-widget_type="text-editor.default">
				<div class="elementor-widget-container">
									<ul>
<li>Spécialisé dans le tourisme et passionné par le marketing, les relations publiques et le monde de la restauration.
</li>
<li>Fraîchement sorti d’études et d’un emploi dans le domaine de la planification et de la gestion d’événements.
</li>
<li>Un passé dédié au sport de la natation, où des valeurs telles que la détermination et la volonté ont été fondées.
</li>
<li>Empathique, sensible, sociable, positif, têtu, ponctuel et volontaire.</li>
</ul>
								</div>
				</div>
					</div>
		</div>
				<div class="elementor-column elementor-col-33 elementor-inner-column elementor-element elementor-element-2a8ad7f1" data-id="2a8ad7f1" data-element_type="column">
			<div class="elementor-widget-wrap">
							</div>
		</div>
					</div>
		</section>
					</div>
		</div>
					</div>
		</section>
				</div>

<p>Qui sommes-nous ? Cette initiative a été créée et conçue par Ricard Ustrell et Riccardo Sabbioni, qui représentent les créateurs du projet. La passion pour notre territoire, l’amitié entre les deux collègues, la connaissance des produits touristiques et locaux jusqu’à la volonté de proposer un concept innovant adapté aux amateurs de gastronomie, ont été les [&hellip;]</p>
