{"id":2332,"date":"2021-03-18T14:53:59","date_gmt":"2021-03-18T14:53:59","guid":{"rendered":"https:\/\/gastroturismo.ch\/listing\/flour-from-the-onsernone-valley\/"},"modified":"2022-03-10T09:59:01","modified_gmt":"2022-03-10T09:59:01","slug":"flour-from-the-onsernone-valley","status":"publish","type":"listing","link":"https:\/\/gastroturismo.ch\/fr\/la-fiche\/flour-from-the-onsernone-valley\/","title":{"rendered":"Farine de la vall\u00e9e d\u2019Onsernone"},"content":{"rendered":"\t\t<div data-elementor-type=\"wp-post\" data-elementor-id=\"2332\" class=\"elementor elementor-2332 elementor-2330\" data-elementor-post-type=\"listing\">\n\t\t\t\t\t\t<section class=\"elementor-section elementor-top-section elementor-element elementor-element-09c1235 elementor-section-boxed elementor-section-height-default elementor-section-height-default\" data-id=\"09c1235\" data-element_type=\"section\">\n\t\t\t\t\t\t<div class=\"elementor-container elementor-column-gap-default\">\n\t\t\t\t\t<div class=\"elementor-column elementor-col-100 elementor-top-column elementor-element elementor-element-836b17b\" data-id=\"836b17b\" data-element_type=\"column\">\n\t\t\t<div class=\"elementor-widget-wrap elementor-element-populated\">\n\t\t\t\t\t\t<div class=\"elementor-element elementor-element-365c737 elementor-widget elementor-widget-text-editor\" data-id=\"365c737\" data-element_type=\"widget\" data-widget_type=\"text-editor.default\">\n\t\t\t\t<div class=\"elementor-widget-container\">\n\t\t\t\t\t\t\t\t\t<p><strong>Farinabona<\/strong><\/p>\t\t\t\t\t\t\t\t<\/div>\n\t\t\t\t<\/div>\n\t\t\t\t\t<\/div>\n\t\t<\/div>\n\t\t\t\t\t<\/div>\n\t\t<\/section>\n\t\t\t\t<section class=\"elementor-section elementor-top-section elementor-element elementor-element-a39b867 elementor-section-boxed elementor-section-height-default elementor-section-height-default\" data-id=\"a39b867\" data-element_type=\"section\">\n\t\t\t\t\t\t<div class=\"elementor-container elementor-column-gap-default\">\n\t\t\t\t\t<div class=\"elementor-column elementor-col-100 elementor-top-column elementor-element elementor-element-2af128e\" data-id=\"2af128e\" data-element_type=\"column\">\n\t\t\t<div class=\"elementor-widget-wrap elementor-element-populated\">\n\t\t\t\t\t\t<div class=\"elementor-element elementor-element-777e907 elementor-widget elementor-widget-text-editor\" data-id=\"777e907\" data-element_type=\"widget\" data-widget_type=\"text-editor.default\">\n\t\t\t\t<div class=\"elementor-widget-container\">\n\t\t\t\t\t\t\t\t\t<p>D\u00e9couvrez la richesse de la farine et le monde derri\u00e8re sa production! La r\u00e9servation consiste en une visite guid\u00e9e du lieu o\u00f9 ce produit est fabriqu\u00e9, comprenant des notes historiques sur la vall\u00e9e d\u2019Onsernone et ses moulins, et une d\u00e9gustation de la nourriture avec son producteur. L\u2019activit\u00e9 se terminera par un ap\u00e9ritif \u00e0 base de produits locaux. Un cadeau de la maison sera \u00e9galement offert!<\/p>\n<p>La farina b\u00f3na est un produit traditionnel de la vall\u00e9e de l\u2019Onsernone (canton du Tessin). C\u2019est une farine de ma\u00efs (Zea mais), obtenue en broyant tr\u00e8s finement le grain pr\u00e9alablement torr\u00e9fi\u00e9. Dans le pass\u00e9, il \u00e9tait utilis\u00e9 pour compl\u00e9ter l\u2019alimentation quotidienne des Onsernonesi, accompagn\u00e9 de lait, d\u2019eau ou de vin. L\u2019engagement de quelques particuliers et l\u2019implication de l\u2019\u00e9cole Vallerone ont permis d\u2019approfondir les connaissances historiques, de cr\u00e9er les conditions d\u2019une augmentation de la production et de faire conna\u00eetre la farina b\u00f3na au-del\u00e0 des fronti\u00e8res de la vall\u00e9e d\u2019Onsernone.<\/p>\n<p><b>About the experience:<\/b><\/p>\n<ul>\n<li>Disponible sur r\u00e9servation.<\/li>\n<li>Visite guid\u00e9e, histoire de la vall\u00e9e et des moulins.<\/li>\n<li>D\u00e9gustation de farine et ap\u00e9ritif avec des produits locaux.<\/li>\n<li>Farinabona \u00ab&nbsp;donne&nbsp;\u00bb \u00e0 la fin de l\u2019exp\u00e9rience.<\/li>\n<li>R\u00e9servation minimum: 6 personnes.<\/li>\n<li>R\u00e9servez votre exp\u00e9rience dans la vall\u00e9e d\u2019Onsernone!<\/li>\n<\/ul>\t\t\t\t\t\t\t\t<\/div>\n\t\t\t\t<\/div>\n\t\t\t\t\t<\/div>\n\t\t<\/div>\n\t\t\t\t\t<\/div>\n\t\t<\/section>\n\t\t\t\t<section class=\"elementor-section elementor-top-section elementor-element elementor-element-d8ea082 animated-slow elementor-section-boxed elementor-section-height-default elementor-section-height-default elementor-invisible\" data-id=\"d8ea082\" data-element_type=\"section\" data-settings=\"{&quot;animation&quot;:&quot;fadeInUp&quot;}\">\n\t\t\t\t\t\t<div class=\"elementor-container elementor-column-gap-default\">\n\t\t\t\t\t<div class=\"elementor-column elementor-col-100 elementor-top-column elementor-element elementor-element-2b7e981\" data-id=\"2b7e981\" data-element_type=\"column\">\n\t\t\t<div class=\"elementor-widget-wrap elementor-element-populated\">\n\t\t\t\t\t\t<div class=\"elementor-element elementor-element-cbf6587 elementor-icon-list--layout-traditional elementor-list-item-link-full_width elementor-widget elementor-widget-icon-list\" data-id=\"cbf6587\" data-element_type=\"widget\" data-widget_type=\"icon-list.default\">\n\t\t\t\t<div class=\"elementor-widget-container\">\n\t\t\t\t\t\t\t<ul class=\"elementor-icon-list-items\">\n\t\t\t\t\t\t\t<li class=\"elementor-icon-list-item\">\n\t\t\t\t\t\t\t\t\t\t\t<span class=\"elementor-icon-list-icon\">\n\t\t\t\t\t\t\t<svg aria-hidden=\"true\" class=\"e-font-icon-svg e-fas-thumbs-up\" viewBox=\"0 0 512 512\" xmlns=\"http:\/\/www.w3.org\/2000\/svg\"><path d=\"M104 224H24c-13.255 0-24 10.745-24 24v240c0 13.255 10.745 24 24 24h80c13.255 0 24-10.745 24-24V248c0-13.255-10.745-24-24-24zM64 472c-13.255 0-24-10.745-24-24s10.745-24 24-24 24 10.745 24 24-10.745 24-24 24zM384 81.452c0 42.416-25.97 66.208-33.277 94.548h101.723c33.397 0 59.397 27.746 59.553 58.098.084 17.938-7.546 37.249-19.439 49.197l-.11.11c9.836 23.337 8.237 56.037-9.308 79.469 8.681 25.895-.069 57.704-16.382 74.757 4.298 17.598 2.244 32.575-6.148 44.632C440.202 511.587 389.616 512 346.839 512l-2.845-.001c-48.287-.017-87.806-17.598-119.56-31.725-15.957-7.099-36.821-15.887-52.651-16.178-6.54-.12-11.783-5.457-11.783-11.998v-213.77c0-3.2 1.282-6.271 3.558-8.521 39.614-39.144 56.648-80.587 89.117-113.111 14.804-14.832 20.188-37.236 25.393-58.902C282.515 39.293 291.817 0 312 0c24 0 72 8 72 81.452z\"><\/path><\/svg>\t\t\t\t\t\t<\/span>\n\t\t\t\t\t\t\t\t\t\t<span class=\"elementor-icon-list-text\">Essay\u00e9 et v\u00e9rifi\u00e9 par Gastroturismo.ch<\/span>\n\t\t\t\t\t\t\t\t\t<\/li>\n\t\t\t\t\t\t<\/ul>\n\t\t\t\t\t\t<\/div>\n\t\t\t\t<\/div>\n\t\t\t\t\t<\/div>\n\t\t<\/div>\n\t\t\t\t\t<\/div>\n\t\t<\/section>\n\t\t\t\t<\/div>\n\t\t","protected":false},"author":5,"featured_media":0,"comment_status":"open","ping_status":"closed","template":"","meta":[],"listing_category":[107],"event_category":[],"service_category":[],"rental_category":[],"classifieds_category":[],"listing_feature":[],"region":[70],"class_list":["post-2332","listing","type-listing","status-publish","hentry","listing_category-nourriture","region-sopra-ceneri"],"_links":{"self":[{"href":"https:\/\/gastroturismo.ch\/fr\/wp-json\/wp\/v2\/listing\/2332","targetHints":{"allow":["GET"]}}],"collection":[{"href":"https:\/\/gastroturismo.ch\/fr\/wp-json\/wp\/v2\/listing"}],"about":[{"href":"https:\/\/gastroturismo.ch\/fr\/wp-json\/wp\/v2\/types\/listing"}],"author":[{"embeddable":true,"href":"https:\/\/gastroturismo.ch\/fr\/wp-json\/wp\/v2\/users\/5"}],"replies":[{"embeddable":true,"href":"https:\/\/gastroturismo.ch\/fr\/wp-json\/wp\/v2\/comments?post=2332"}],"version-history":[{"count":0,"href":"https:\/\/gastroturismo.ch\/fr\/wp-json\/wp\/v2\/listing\/2332\/revisions"}],"wp:attachment":[{"href":"https:\/\/gastroturismo.ch\/fr\/wp-json\/wp\/v2\/media?parent=2332"}],"wp:term":[{"taxonomy":"listing_category","embeddable":true,"href":"https:\/\/gastroturismo.ch\/fr\/wp-json\/wp\/v2\/listing_category?post=2332"},{"taxonomy":"event_category","embeddable":true,"href":"https:\/\/gastroturismo.ch\/fr\/wp-json\/wp\/v2\/event_category?post=2332"},{"taxonomy":"service_category","embeddable":true,"href":"https:\/\/gastroturismo.ch\/fr\/wp-json\/wp\/v2\/service_category?post=2332"},{"taxonomy":"rental_category","embeddable":true,"href":"https:\/\/gastroturismo.ch\/fr\/wp-json\/wp\/v2\/rental_category?post=2332"},{"taxonomy":"classifieds_category","embeddable":true,"href":"https:\/\/gastroturismo.ch\/fr\/wp-json\/wp\/v2\/classifieds_category?post=2332"},{"taxonomy":"listing_feature","embeddable":true,"href":"https:\/\/gastroturismo.ch\/fr\/wp-json\/wp\/v2\/listing_feature?post=2332"},{"taxonomy":"region","embeddable":true,"href":"https:\/\/gastroturismo.ch\/fr\/wp-json\/wp\/v2\/region?post=2332"}],"curies":[{"name":"wp","href":"https:\/\/api.w.org\/{rel}","templated":true}]}}

Farine de la vallée d’Onsernone

<div data-elementor-type="wp-post" data-elementor-id="2332" class="elementor elementor-2332 elementor-2330" data-elementor-post-type="listing">
						<section class="elementor-section elementor-top-section elementor-element elementor-element-09c1235 elementor-section-boxed elementor-section-height-default elementor-section-height-default" data-id="09c1235" data-element_type="section">
						<div class="elementor-container elementor-column-gap-default">
					<div class="elementor-column elementor-col-100 elementor-top-column elementor-element elementor-element-836b17b" data-id="836b17b" data-element_type="column">
			<div class="elementor-widget-wrap elementor-element-populated">
						<div class="elementor-element elementor-element-365c737 elementor-widget elementor-widget-text-editor" data-id="365c737" data-element_type="widget" data-widget_type="text-editor.default">
				<div class="elementor-widget-container">
									<p><strong>Farinabona</strong></p>								</div>
				</div>
					</div>
		</div>
					</div>
		</section>
				<section class="elementor-section elementor-top-section elementor-element elementor-element-a39b867 elementor-section-boxed elementor-section-height-default elementor-section-height-default" data-id="a39b867" data-element_type="section">
						<div class="elementor-container elementor-column-gap-default">
					<div class="elementor-column elementor-col-100 elementor-top-column elementor-element elementor-element-2af128e" data-id="2af128e" data-element_type="column">
			<div class="elementor-widget-wrap elementor-element-populated">
						<div class="elementor-element elementor-element-777e907 elementor-widget elementor-widget-text-editor" data-id="777e907" data-element_type="widget" data-widget_type="text-editor.default">
				<div class="elementor-widget-container">
									<p>Découvrez la richesse de la farine et le monde derrière sa production! La réservation consiste en une visite guidée du lieu où ce produit est fabriqué, comprenant des notes historiques sur la vallée d’Onsernone et ses moulins, et une dégustation de la nourriture avec son producteur. L’activité se terminera par un apéritif à base de produits locaux. Un cadeau de la maison sera également offert!</p>
<p>La farina bóna est un produit traditionnel de la vallée de l’Onsernone (canton du Tessin). C’est une farine de maïs (Zea mais), obtenue en broyant très finement le grain préalablement torréfié. Dans le passé, il était utilisé pour compléter l’alimentation quotidienne des Onsernonesi, accompagné de lait, d’eau ou de vin. L’engagement de quelques particuliers et l’implication de l’école Vallerone ont permis d’approfondir les connaissances historiques, de créer les conditions d’une augmentation de la production et de faire connaître la farina bóna au-delà des frontières de la vallée d’Onsernone.</p>
<p><b>About the experience:</b></p>
<ul>
<li>Disponible sur réservation.</li>
<li>Visite guidée, histoire de la vallée et des moulins.</li>
<li>Dégustation de farine et apéritif avec des produits locaux.</li>
<li>Farinabona «&nbsp;donne&nbsp;» à la fin de l’expérience.</li>
<li>Réservation minimum: 6 personnes.</li>
<li>Réservez votre expérience dans la vallée d’Onsernone!</li>
</ul>								</div>
				</div>
					</div>
		</div>
					</div>
		</section>
				<section class="elementor-section elementor-top-section elementor-element elementor-element-d8ea082 animated-slow elementor-section-boxed elementor-section-height-default elementor-section-height-default elementor-invisible" data-id="d8ea082" data-element_type="section" data-settings="{&quot;animation&quot;:&quot;fadeInUp&quot;}">
						<div class="elementor-container elementor-column-gap-default">
					<div class="elementor-column elementor-col-100 elementor-top-column elementor-element elementor-element-2b7e981" data-id="2b7e981" data-element_type="column">
			<div class="elementor-widget-wrap elementor-element-populated">
						<div class="elementor-element elementor-element-cbf6587 elementor-icon-list--layout-traditional elementor-list-item-link-full_width elementor-widget elementor-widget-icon-list" data-id="cbf6587" data-element_type="widget" data-widget_type="icon-list.default">
				<div class="elementor-widget-container">
							<ul class="elementor-icon-list-items">
							<li class="elementor-icon-list-item">
											<span class="elementor-icon-list-icon">
							<svg aria-hidden="true" class="e-font-icon-svg e-fas-thumbs-up" viewBox="0 0 512 512" xmlns="http://www.w3.org/2000/svg"><path d="M104 224H24c-13.255 0-24 10.745-24 24v240c0 13.255 10.745 24 24 24h80c13.255 0 24-10.745 24-24V248c0-13.255-10.745-24-24-24zM64 472c-13.255 0-24-10.745-24-24s10.745-24 24-24 24 10.745 24 24-10.745 24-24 24zM384 81.452c0 42.416-25.97 66.208-33.277 94.548h101.723c33.397 0 59.397 27.746 59.553 58.098.084 17.938-7.546 37.249-19.439 49.197l-.11.11c9.836 23.337 8.237 56.037-9.308 79.469 8.681 25.895-.069 57.704-16.382 74.757 4.298 17.598 2.244 32.575-6.148 44.632C440.202 511.587 389.616 512 346.839 512l-2.845-.001c-48.287-.017-87.806-17.598-119.56-31.725-15.957-7.099-36.821-15.887-52.651-16.178-6.54-.12-11.783-5.457-11.783-11.998v-213.77c0-3.2 1.282-6.271 3.558-8.521 39.614-39.144 56.648-80.587 89.117-113.111 14.804-14.832 20.188-37.236 25.393-58.902C282.515 39.293 291.817 0 312 0c24 0 72 8 72 81.452z"></path></svg>						</span>
										<span class="elementor-icon-list-text">Essayé et vérifié par Gastroturismo.ch</span>
									</li>
						</ul>
						</div>
				</div>
					</div>
		</div>
					</div>
		</section>
				</div>
